{"id":644,"date":"2020-04-15T19:33:54","date_gmt":"2020-04-15T17:33:54","guid":{"rendered":"http:\/\/astrid-guillaume.fr\/?page_id=644"},"modified":"2020-04-15T23:10:53","modified_gmt":"2020-04-15T21:10:53","slug":"editoriaux","status":"publish","type":"page","link":"https:\/\/astrid-guillaume.fr\/index.php\/editoriaux\/","title":{"rendered":"\u00c9ditoriaux"},"content":{"rendered":"\n<p><img fetchpriority=\"high\" decoding=\"async\" width=\"200\" height=\"288\" class=\"wp-image-651\" style=\"width: 200px;\" src=\"http:\/\/astrid-guillaume.fr\/wp-content\/uploads\/2020\/04\/LM-100-ans.jpg\" alt=\"\" srcset=\"https:\/\/astrid-guillaume.fr\/wp-content\/uploads\/2020\/04\/LM-100-ans.jpg 570w, https:\/\/astrid-guillaume.fr\/wp-content\/uploads\/2020\/04\/LM-100-ans-208x300.jpg 208w\" sizes=\"(max-width: 200px) 100vw, 200px\" \/><img decoding=\"async\" width=\"100\" height=\"86\" class=\"wp-image-194\" style=\"width: 100px;\" src=\"http:\/\/astrid-guillaume.fr\/wp-content\/uploads\/2020\/04\/siteon0.png\" alt=\"\"><strong>Revue les Langues Modernes<\/strong><\/p>\n\n\n\n<p>&#8211; Editorial, <em>Les Langues Modernes<\/em> <em>3\/2007, <a href=\"http:\/\/www.aplv-languesmodernes.org\/spip.php?article366\" target=\"_blank\" rel=\"noreferrer noopener\"><strong><span style=\"text-decoration: underline;\">La Comp\u00e9tence phonologique<\/span><\/strong><\/a>.<\/em><\/p>\n\n\n\n<p>&#8211; Editorial, <em>Les Langues Modernes<\/em> <em>2\/2007, <a href=\"http:\/\/www.aplv-languesmodernes.org\/spip.php?article365\" target=\"_blank\" rel=\"noreferrer noopener\"><strong><span style=\"text-decoration: underline;\">Temps, Modes et Aspects<\/span><\/strong><\/a>.<\/em><\/p>\n\n\n\n<p>&#8211; Editorial, <em>Les Langues Modernes<\/em> <em>1\/2007, <a href=\"http:\/\/www.aplv-languesmodernes.org\/spip.php?article357\" target=\"_blank\" rel=\"noreferrer noopener\"><strong><span style=\"text-decoration: underline;\">S\u00e9jours et \u00e9changes<\/span><\/strong><\/a>.<\/em><\/p>\n\n\n\n<p>&#8211; Editorial, <em>Les Langues Modernes<\/em> <em>4\/2006, <strong><a href=\"http:\/\/www.aplv-languesmodernes.org\/spip.php?article935\" target=\"_blank\" rel=\"noreferrer noopener\"><span style=\"text-decoration: underline;\">La Bande dessin\u00e9e<\/span><\/a><\/strong>.<\/em><\/p>\n\n\n\n<p>&#8211; Editorial, <em>Les Langues Modernes 3\/2006, <a href=\"http:\/\/www.aplv-languesmodernes.org\/spip.php?article494\" target=\"_blank\" rel=\"noreferrer noopener\"><span style=\"text-decoration: underline;\"><strong>Les D\u00e9buts de l\u2019enseignant de langues<\/strong><\/span><\/a><\/em>.<\/p>\n\n\n\n<p>&#8211; Editorial, <em>Les Langues Modernes 2\/2006, <a href=\"http:\/\/www.aplv-languesmodernes.org\/spip.php?article186\" target=\"_blank\" rel=\"noreferrer noopener\"><strong><span style=\"text-decoration: underline;\">Enseigner le mal<\/span><\/strong><\/a><\/em>.<\/p>\n\n\n\n<p>&#8211; Editorial, <em>Les Langues Modernes 1\/2006, <strong><span style=\"text-decoration: underline;\"><a href=\"http:\/\/www.aplv-languesmodernes.org\/spip.php?article185\" target=\"_blank\" rel=\"noreferrer noopener\">Le Plurilinguisme<\/a><\/span><\/strong><\/em>. <strong>100 ans de la revue<\/strong>.<\/p>\n\n\n\n<p>&#8211; Editorial, <em>Les Langues Modernes 4\/2005, <a rel=\"noreferrer noopener\" href=\"http:\/\/www.aplv-languesmodernes.org\/spip.php?article184\" target=\"_blank\"><strong><span style=\"text-decoration: underline;\">Les Langues pour la coh\u00e9sion sociale<\/span><\/strong><\/a><\/em>. <\/p>\n\n\n\n<p>&#8211; Editorial, <em>Les Langues Modernes 3\/2005, <a rel=\"noreferrer noopener\" href=\"http:\/\/www.aplv-languesmodernes.org\/spip.php?article183\" target=\"_blank\"><strong><span style=\"text-decoration: underline;\">Varia\/M\u00e9langes<\/span><\/strong><\/a><\/em>.<\/p>\n\n\n\n<p><img decoding=\"async\" width=\"200\" height=\"275\" class=\"wp-image-660\" style=\"width: 200px;\" src=\"http:\/\/astrid-guillaume.fr\/wp-content\/uploads\/2020\/04\/Polyglotte.jpg\" alt=\"\" srcset=\"https:\/\/astrid-guillaume.fr\/wp-content\/uploads\/2020\/04\/Polyglotte.jpg 263w, https:\/\/astrid-guillaume.fr\/wp-content\/uploads\/2020\/04\/Polyglotte-218x300.jpg 218w\" sizes=\"(max-width: 200px) 100vw, 200px\" \/><img decoding=\"async\" width=\"100\" height=\"86\" class=\"wp-image-194\" style=\"width: 100px;\" src=\"http:\/\/astrid-guillaume.fr\/wp-content\/uploads\/2020\/04\/siteon0.png\" alt=\"\"><strong>Le Polyglotte<\/strong><\/p>\n\n\n\n<p>\u00c9ditoriaux du <em><a href=\"http:\/\/www.aplv-languesmodernes.org\/spip.php?rubrique134\" target=\"_blank\" rel=\"noreferrer noopener\"><strong><span style=\"text-decoration: underline;\">Polyglotte<\/span><\/strong><\/a><\/em> de 2003 \u00e0 2005.<\/p>\n","protected":false},"excerpt":{"rendered":"<p>Revue les Langues Modernes &#8211; Editorial, Les Langues Modernes 3\/2007, La Comp\u00e9tence phonologique. &#8211; Editorial, Les Langues Modernes 2\/2007, Temps, Modes et Aspects. &#8211; Editorial, Les Langues Modernes 1\/2007, S\u00e9jours et \u00e9changes. &#8211; Editorial, Les Langues Modernes 4\/2006, La Bande dessin\u00e9e. &#8211; Editorial, Les Langues Modernes 3\/2006, Les D\u00e9buts de<\/p>\n<p><a class=\"more-link\" href=\"https:\/\/astrid-guillaume.fr\/index.php\/editoriaux\/\">Read More<\/a><\/p>\n","protected":false},"author":3,"featured_media":0,"parent":0,"menu_order":0,"comment_status":"closed","ping_status":"closed","template":"","meta":{"footnotes":""},"class_list":["post-644","page","type-page","status-publish","hentry"],"yoast_head":"<!-- This site is optimized with the Yoast SEO plugin v26.9 - https:\/\/yoast.com\/product\/yoast-seo-wordpress\/ -->\n<title>\u00c9ditoriaux - Astrid GUILLAUME<\/title>\n<meta name=\"robots\" content=\"index, follow, max-snippet:-1, max-image-preview:large, max-video-preview:-1\" \/>\n<link rel=\"canonical\" href=\"https:\/\/astrid-guillaume.fr\/index.php\/editoriaux\/\" \/>\n<meta property=\"og:locale\" content=\"fr_FR\" \/>\n<meta property=\"og:type\" content=\"article\" \/>\n<meta property=\"og:title\" content=\"\u00c9ditoriaux - Astrid GUILLAUME\" \/>\n<meta property=\"og:description\" content=\"Revue les Langues Modernes &#8211; Editorial, Les Langues Modernes 3\/2007, La Comp\u00e9tence phonologique. &#8211; Editorial, Les Langues Modernes 2\/2007, Temps, Modes et Aspects. &#8211; Editorial, Les Langues Modernes 1\/2007, S\u00e9jours et \u00e9changes. &#8211; Editorial, Les Langues Modernes 4\/2006, La Bande dessin\u00e9e. &#8211; Editorial, Les Langues Modernes 3\/2006, Les D\u00e9buts deRead More\" \/>\n<meta property=\"og:url\" content=\"https:\/\/astrid-guillaume.fr\/index.php\/editoriaux\/\" \/>\n<meta property=\"og:site_name\" content=\"Astrid GUILLAUME\" \/>\n<meta property=\"article:modified_time\" content=\"2020-04-15T21:10:53+00:00\" \/>\n<meta property=\"og:image\" content=\"http:\/\/astrid-guillaume.fr\/wp-content\/uploads\/2020\/04\/LM-100-ans.jpg\" \/>\n<meta name=\"twitter:card\" content=\"summary_large_image\" \/>\n<script type=\"application\/ld+json\" class=\"yoast-schema-graph\">{\"@context\":\"https:\/\/schema.org\",\"@graph\":[{\"@type\":\"WebPage\",\"@id\":\"https:\/\/astrid-guillaume.fr\/index.php\/editoriaux\/\",\"url\":\"https:\/\/astrid-guillaume.fr\/index.php\/editoriaux\/\",\"name\":\"\u00c9ditoriaux - Astrid GUILLAUME\",\"isPartOf\":{\"@id\":\"https:\/\/astrid-guillaume.fr\/#website\"},\"primaryImageOfPage\":{\"@id\":\"https:\/\/astrid-guillaume.fr\/index.php\/editoriaux\/#primaryimage\"},\"image\":{\"@id\":\"https:\/\/astrid-guillaume.fr\/index.php\/editoriaux\/#primaryimage\"},\"thumbnailUrl\":\"http:\/\/astrid-guillaume.fr\/wp-content\/uploads\/2020\/04\/LM-100-ans.jpg\",\"datePublished\":\"2020-04-15T17:33:54+00:00\",\"dateModified\":\"2020-04-15T21:10:53+00:00\",\"breadcrumb\":{\"@id\":\"https:\/\/astrid-guillaume.fr\/index.php\/editoriaux\/#breadcrumb\"},\"inLanguage\":\"fr-FR\",\"potentialAction\":[{\"@type\":\"ReadAction\",\"target\":[\"https:\/\/astrid-guillaume.fr\/index.php\/editoriaux\/\"]}]},{\"@type\":\"ImageObject\",\"inLanguage\":\"fr-FR\",\"@id\":\"https:\/\/astrid-guillaume.fr\/index.php\/editoriaux\/#primaryimage\",\"url\":\"https:\/\/astrid-guillaume.fr\/wp-content\/uploads\/2020\/04\/LM-100-ans.jpg\",\"contentUrl\":\"https:\/\/astrid-guillaume.fr\/wp-content\/uploads\/2020\/04\/LM-100-ans.jpg\",\"width\":570,\"height\":822},{\"@type\":\"BreadcrumbList\",\"@id\":\"https:\/\/astrid-guillaume.fr\/index.php\/editoriaux\/#breadcrumb\",\"itemListElement\":[{\"@type\":\"ListItem\",\"position\":1,\"name\":\"Accueil\",\"item\":\"https:\/\/astrid-guillaume.fr\/\"},{\"@type\":\"ListItem\",\"position\":2,\"name\":\"\u00c9ditoriaux\"}]},{\"@type\":\"WebSite\",\"@id\":\"https:\/\/astrid-guillaume.fr\/#website\",\"url\":\"https:\/\/astrid-guillaume.fr\/\",\"name\":\"Astrid GUILLAUME\",\"description\":\"Ma\u00eetre de conf\u00e9rences HDR - Sorbonne Universit\u00e9\",\"publisher\":{\"@id\":\"https:\/\/astrid-guillaume.fr\/#\/schema\/person\/ea4f874c5f84f3ef4298f3db85c68c9a\"},\"potentialAction\":[{\"@type\":\"SearchAction\",\"target\":{\"@type\":\"EntryPoint\",\"urlTemplate\":\"https:\/\/astrid-guillaume.fr\/?s={search_term_string}\"},\"query-input\":{\"@type\":\"PropertyValueSpecification\",\"valueRequired\":true,\"valueName\":\"search_term_string\"}}],\"inLanguage\":\"fr-FR\"},{\"@type\":[\"Person\",\"Organization\"],\"@id\":\"https:\/\/astrid-guillaume.fr\/#\/schema\/person\/ea4f874c5f84f3ef4298f3db85c68c9a\",\"name\":\"Astrid GUILLAUME\",\"image\":{\"@type\":\"ImageObject\",\"inLanguage\":\"fr-FR\",\"@id\":\"https:\/\/astrid-guillaume.fr\/#\/schema\/person\/image\/\",\"url\":\"https:\/\/secure.gravatar.com\/avatar\/d6b204d7c0d63e3481ca32f0b90c6ff876137841f8508ca626b432158768fd16?s=96&d=blank&r=g\",\"contentUrl\":\"https:\/\/secure.gravatar.com\/avatar\/d6b204d7c0d63e3481ca32f0b90c6ff876137841f8508ca626b432158768fd16?s=96&d=blank&r=g\",\"caption\":\"Astrid GUILLAUME\"},\"logo\":{\"@id\":\"https:\/\/astrid-guillaume.fr\/#\/schema\/person\/image\/\"}}]}<\/script>\n<!-- \/ Yoast SEO plugin. -->","yoast_head_json":{"title":"\u00c9ditoriaux - Astrid GUILLAUME","robots":{"index":"index","follow":"follow","max-snippet":"max-snippet:-1","max-image-preview":"max-image-preview:large","max-video-preview":"max-video-preview:-1"},"canonical":"https:\/\/astrid-guillaume.fr\/index.php\/editoriaux\/","og_locale":"fr_FR","og_type":"article","og_title":"\u00c9ditoriaux - Astrid GUILLAUME","og_description":"Revue les Langues Modernes &#8211; Editorial, Les Langues Modernes 3\/2007, La Comp\u00e9tence phonologique. &#8211; Editorial, Les Langues Modernes 2\/2007, Temps, Modes et Aspects. &#8211; Editorial, Les Langues Modernes 1\/2007, S\u00e9jours et \u00e9changes. &#8211; Editorial, Les Langues Modernes 4\/2006, La Bande dessin\u00e9e. &#8211; Editorial, Les Langues Modernes 3\/2006, Les D\u00e9buts deRead More","og_url":"https:\/\/astrid-guillaume.fr\/index.php\/editoriaux\/","og_site_name":"Astrid GUILLAUME","article_modified_time":"2020-04-15T21:10:53+00:00","og_image":[{"url":"http:\/\/astrid-guillaume.fr\/wp-content\/uploads\/2020\/04\/LM-100-ans.jpg","type":"","width":"","height":""}],"twitter_card":"summary_large_image","schema":{"@context":"https:\/\/schema.org","@graph":[{"@type":"WebPage","@id":"https:\/\/astrid-guillaume.fr\/index.php\/editoriaux\/","url":"https:\/\/astrid-guillaume.fr\/index.php\/editoriaux\/","name":"\u00c9ditoriaux - Astrid GUILLAUME","isPartOf":{"@id":"https:\/\/astrid-guillaume.fr\/#website"},"primaryImageOfPage":{"@id":"https:\/\/astrid-guillaume.fr\/index.php\/editoriaux\/#primaryimage"},"image":{"@id":"https:\/\/astrid-guillaume.fr\/index.php\/editoriaux\/#primaryimage"},"thumbnailUrl":"http:\/\/astrid-guillaume.fr\/wp-content\/uploads\/2020\/04\/LM-100-ans.jpg","datePublished":"2020-04-15T17:33:54+00:00","dateModified":"2020-04-15T21:10:53+00:00","breadcrumb":{"@id":"https:\/\/astrid-guillaume.fr\/index.php\/editoriaux\/#breadcrumb"},"inLanguage":"fr-FR","potentialAction":[{"@type":"ReadAction","target":["https:\/\/astrid-guillaume.fr\/index.php\/editoriaux\/"]}]},{"@type":"ImageObject","inLanguage":"fr-FR","@id":"https:\/\/astrid-guillaume.fr\/index.php\/editoriaux\/#primaryimage","url":"https:\/\/astrid-guillaume.fr\/wp-content\/uploads\/2020\/04\/LM-100-ans.jpg","contentUrl":"https:\/\/astrid-guillaume.fr\/wp-content\/uploads\/2020\/04\/LM-100-ans.jpg","width":570,"height":822},{"@type":"BreadcrumbList","@id":"https:\/\/astrid-guillaume.fr\/index.php\/editoriaux\/#breadcrumb","itemListElement":[{"@type":"ListItem","position":1,"name":"Accueil","item":"https:\/\/astrid-guillaume.fr\/"},{"@type":"ListItem","position":2,"name":"\u00c9ditoriaux"}]},{"@type":"WebSite","@id":"https:\/\/astrid-guillaume.fr\/#website","url":"https:\/\/astrid-guillaume.fr\/","name":"Astrid GUILLAUME","description":"Ma\u00eetre de conf\u00e9rences HDR - Sorbonne Universit\u00e9","publisher":{"@id":"https:\/\/astrid-guillaume.fr\/#\/schema\/person\/ea4f874c5f84f3ef4298f3db85c68c9a"},"potentialAction":[{"@type":"SearchAction","target":{"@type":"EntryPoint","urlTemplate":"https:\/\/astrid-guillaume.fr\/?s={search_term_string}"},"query-input":{"@type":"PropertyValueSpecification","valueRequired":true,"valueName":"search_term_string"}}],"inLanguage":"fr-FR"},{"@type":["Person","Organization"],"@id":"https:\/\/astrid-guillaume.fr\/#\/schema\/person\/ea4f874c5f84f3ef4298f3db85c68c9a","name":"Astrid GUILLAUME","image":{"@type":"ImageObject","inLanguage":"fr-FR","@id":"https:\/\/astrid-guillaume.fr\/#\/schema\/person\/image\/","url":"https:\/\/secure.gravatar.com\/avatar\/d6b204d7c0d63e3481ca32f0b90c6ff876137841f8508ca626b432158768fd16?s=96&d=blank&r=g","contentUrl":"https:\/\/secure.gravatar.com\/avatar\/d6b204d7c0d63e3481ca32f0b90c6ff876137841f8508ca626b432158768fd16?s=96&d=blank&r=g","caption":"Astrid GUILLAUME"},"logo":{"@id":"https:\/\/astrid-guillaume.fr\/#\/schema\/person\/image\/"}}]}},"_links":{"self":[{"href":"https:\/\/astrid-guillaume.fr\/index.php\/wp-json\/wp\/v2\/pages\/644","targetHints":{"allow":["GET"]}}],"collection":[{"href":"https:\/\/astrid-guillaume.fr\/index.php\/wp-json\/wp\/v2\/pages"}],"about":[{"href":"https:\/\/astrid-guillaume.fr\/index.php\/wp-json\/wp\/v2\/types\/page"}],"author":[{"embeddable":true,"href":"https:\/\/astrid-guillaume.fr\/index.php\/wp-json\/wp\/v2\/users\/3"}],"replies":[{"embeddable":true,"href":"https:\/\/astrid-guillaume.fr\/index.php\/wp-json\/wp\/v2\/comments?post=644"}],"version-history":[{"count":8,"href":"https:\/\/astrid-guillaume.fr\/index.php\/wp-json\/wp\/v2\/pages\/644\/revisions"}],"predecessor-version":[{"id":665,"href":"https:\/\/astrid-guillaume.fr\/index.php\/wp-json\/wp\/v2\/pages\/644\/revisions\/665"}],"wp:attachment":[{"href":"https:\/\/astrid-guillaume.fr\/index.php\/wp-json\/wp\/v2\/media?parent=644"}],"curies":[{"name":"wp","href":"https:\/\/api.w.org\/{rel}","templated":true}]}}