{"id":434,"date":"2020-04-12T22:19:30","date_gmt":"2020-04-12T20:19:30","guid":{"rendered":"http:\/\/astrid-guillaume.fr\/?page_id=434"},"modified":"2025-11-08T18:45:53","modified_gmt":"2025-11-08T17:45:53","slug":"engagements","status":"publish","type":"page","link":"https:\/\/astrid-guillaume.fr\/index.php\/engagements\/","title":{"rendered":"Engagements"},"content":{"rendered":"\n<p><img decoding=\"async\" width=\"200\" height=\"113\" class=\"wp-image-203\" style=\"width: 200px;\" src=\"http:\/\/astrid-guillaume.fr\/wp-content\/uploads\/2020\/04\/logo-ping.png\" alt=\"\" srcset=\"https:\/\/astrid-guillaume.fr\/wp-content\/uploads\/2020\/04\/logo-ping.png 640w, https:\/\/astrid-guillaume.fr\/wp-content\/uploads\/2020\/04\/logo-ping-300x169.png 300w\" sizes=\"(max-width: 200px) 100vw, 200px\" \/> <img decoding=\"async\" width=\"100\" height=\"86\" class=\"wp-image-194\" style=\"width: 100px;\" src=\"http:\/\/astrid-guillaume.fr\/wp-content\/uploads\/2020\/04\/siteon0.png\" alt=\"\">        <img decoding=\"async\" width=\"250\" height=\"113\" class=\"wp-image-218\" style=\"width: 250px;\" src=\"http:\/\/astrid-guillaume.fr\/wp-content\/uploads\/2020\/04\/OEP.jpg\" alt=\"\" srcset=\"https:\/\/astrid-guillaume.fr\/wp-content\/uploads\/2020\/04\/OEP.jpg 552w, https:\/\/astrid-guillaume.fr\/wp-content\/uploads\/2020\/04\/OEP-300x136.jpg 300w\" sizes=\"(max-width: 250px) 100vw, 250px\" \/>    <img loading=\"lazy\" decoding=\"async\" width=\"100\" height=\"100\" class=\"wp-image-457\" style=\"width: 100px;\" src=\"http:\/\/astrid-guillaume.fr\/wp-content\/uploads\/2020\/04\/Humanimalisme.jpg\" alt=\"\" srcset=\"https:\/\/astrid-guillaume.fr\/wp-content\/uploads\/2020\/04\/Humanimalisme.jpg 400w, https:\/\/astrid-guillaume.fr\/wp-content\/uploads\/2020\/04\/Humanimalisme-300x300.jpg 300w, https:\/\/astrid-guillaume.fr\/wp-content\/uploads\/2020\/04\/Humanimalisme-150x150.jpg 150w\" sizes=\"(max-width: 100px) 100vw, 100px\" \/>  <img loading=\"lazy\" decoding=\"async\" width=\"150\" height=\"36\" class=\"wp-image-1386\" style=\"width: 150px;\" src=\"https:\/\/astrid-guillaume.fr\/wp-content\/uploads\/2021\/10\/logo-inpn.jpg\" alt=\"\" srcset=\"https:\/\/astrid-guillaume.fr\/wp-content\/uploads\/2021\/10\/logo-inpn.jpg 400w, https:\/\/astrid-guillaume.fr\/wp-content\/uploads\/2021\/10\/logo-inpn-300x73.jpg 300w\" sizes=\"(max-width: 150px) 100vw, 150px\" \/><\/p>\n\n\n\n<p><\/p>\n\n\n\n<h1 class=\"wp-block-heading\" id=\"respect-des-sentiences-et-intelligences-humaines-et-animalieres\"><mark style=\"background-color:rgba(0, 0, 0, 0);color:#1100a3\" class=\"has-inline-color\"><strong>Respect des diff\u00e9rences, <strong>sentiences et intelligences<\/strong><\/strong><\/mark> <mark style=\"background-color:rgba(0, 0, 0, 0);color:#1100a3\" class=\"has-inline-color\"><strong>humaines et animali\u00e8res<\/strong><\/mark><\/h1>\n\n\n\n<ul class=\"wp-block-list\">\n<li>Secouriste en <strong><a href=\"https:\/\/www.pssmfrance.fr\/etre-secouriste\/\" target=\"_blank\" rel=\"noreferrer noopener\">premiers secours en sant\u00e9 mentale <\/a><\/strong>(2024)<\/li>\n\n\n\n<li>Pr\u00e9sidente Fondatrice de la <a href=\"http:\/\/societefrancaisedezoosemiotique.fr\/la-sfz\/organisation\/\" target=\"_blank\" rel=\"noreferrer noopener\"><strong>Soci\u00e9t\u00e9 fran\u00e7aise de<\/strong> <strong>Zoos\u00e9miotique<\/strong><\/a>.<\/li>\n\n\n\n<li>Fondatrice d&rsquo;HumAnimalisme: <strong><a href=\"https:\/\/twitter.com\/humanimalisme\" target=\"_blank\" rel=\"noreferrer noopener\">@HumAnimalisme, <em>Libert\u00e9, \u00c9galit\u00e9, Humanimalit\u00e9<\/em><\/a><\/strong>.<\/li>\n\n\n\n<li>R\u00e9f\u00e9rente <a aria-label=\"undefined (s\u2019ouvre dans un nouvel onglet)\" href=\"http:\/\/lettres.sorbonne-universite.fr\/sites\/default\/files\/media\/2020-05\/FlyerReferent.e.sEgalite-170120.pdf\" target=\"_blank\" rel=\"noreferrer noopener\"><strong>\u00c9galit\u00e9 et Lutte contre les discriminations<\/strong><\/a> \u00e0 Sorbonne Universit\u00e9<\/li>\n\n\n\n<li>Membre du comit\u00e9 scientifique de <strong><a href=\"http:\/\/www.fondation-droit-animal.org\/la-fondation\/organisation\/\" target=\"_blank\" rel=\"noreferrer noopener\">la Fondation Droit animal, \u00c9thique et Sciences<\/a>.<\/strong><\/li>\n\n\n\n<li>\u00ab\u00a0Naturaliste en herbe\u00a0\u00bb, class\u00e9e 193\u00e8me\/24888 contributeurs pour l&rsquo;Inventaire National du Patrimoine Naturel &#8211; <strong><a href=\"https:\/\/inpn.mnhn.fr\/informations\/inpn-especes\">ESP\u00c8CES du Mus\u00e9e National d&rsquo;Histoire Naturelle<\/a><\/strong><\/li>\n<\/ul>\n\n\n\n<h1 class=\"wp-block-heading\" id=\"respect-des-langues-et-cultures-du-monde\"><mark style=\"background-color:rgba(0, 0, 0, 0);color:#1100a3\" class=\"has-inline-color\"><strong>Respect des langues et cultures du monde<\/strong><\/mark><\/h1>\n\n\n\n<ul class=\"wp-block-list\">\n<li>Membre de l\u2019Autorit\u00e9 nationale de nomination des experts fran\u00e7ais envoy\u00e9s au Centre europ\u00e9en pour les langues vivantes (CELV) du Conseil de l\u2019Europe (MC-MAE-MEN, Direction des relations europ\u00e9ennes et internationales et de la coop\u00e9ration). (2007-2023)<\/li>\n\n\n\n<li>Vice-pr\u00e9sidente d&rsquo;honneur, co-fondatrice de l&rsquo;Observatoire europ\u00e9en du Plurilinguisme (2006-2021)<\/li>\n\n\n\n<li>D\u00e9fense de la Francophonie et du fran\u00e7ais dans le monde &#8211; DGLFLF-Minist\u00e8re de la Culture et Centre Europ\u00e9en pour les Langues Vivantes du Conseil de L&rsquo;Europe (CELV). (2003-2020)<\/li>\n\n\n\n<li>Adh\u00e9rente SNESUP (depuis 2007)<\/li>\n<\/ul>\n\n\n\n<h1 class=\"wp-block-heading\" id=\"respect-de-la-representativite-de-toutes-les-langues-dans-l-education-nationale-et-l-enseignement-superieur\"><mark style=\"background-color:rgba(0, 0, 0, 0);color:#1100a3\" class=\"has-inline-color\"><strong>Respect de la repr\u00e9sentativit\u00e9 de toutes les langues dans l&rsquo;\u00c9ducation Nationale et l&rsquo;Enseignement sup\u00e9rieur<\/strong><\/mark> <\/h1>\n\n\n\n<ul class=\"wp-block-list\">\n<li>Comit\u00e9 \u00e9ditorial des <em><strong>Langues Modernes<\/strong><\/em> (2001-2023)<\/li>\n\n\n\n<li>Vice-pr\u00e9sidente cofondatrice puis vice-pr\u00e9sidente d&rsquo;honneur de l&rsquo;<strong><em>Observatoire europ\u00e9en du plurilinguisme<\/em><\/strong> (2006-2014\/2015 \u00e0 aujourd&rsquo;hui)<\/li>\n\n\n\n<li>Vice-pr\u00e9sidente de l<strong>&lsquo;<em>Association des Professeurs de Langues Vivantes<\/em><\/strong> (APLV) (2006-2007)<\/li>\n\n\n\n<li>R\u00e9dactrice en chef des <em><strong>Langues Modernes<\/strong><\/em> (2005-2007)<\/li>\n\n\n\n<li>R\u00e9dactrice en chef du <strong><em>Polyglotte<\/em><\/strong> (2003-2005)<\/li>\n<\/ul>\n\n\n\n<h1 class=\"wp-block-heading\" id=\"soutiens\"><mark style=\"background-color:rgba(0, 0, 0, 0);color:#1100a3\" class=\"has-inline-color\"><strong>Soutiens<\/strong><\/mark><\/h1>\n\n\n\n<p>Membre de l&rsquo;association <strong><a href=\"http:\/\/www.langue-francaise.org\/\" target=\"_blank\" rel=\"noreferrer noopener\">D\u00e9fense de la Langue Fran\u00e7aise<\/a><\/strong> (depuis 2003)<br>Membre de l&rsquo;<strong><a href=\"https:\/\/www.observatoireplurilinguisme.eu\/\" target=\"_blank\" rel=\"noreferrer noopener\">Observatoire Europ\u00e9en du Plurilinguisme<\/a><\/strong> (depuis 2004)<br>Membre de la <strong><a href=\"http:\/\/www.conjointures.org\/\" target=\"_blank\" rel=\"noreferrer noopener\">Soci\u00e9t\u00e9 de Langue et de Litt\u00e9rature m\u00e9di\u00e9vales d&rsquo;Oc et d&rsquo;O\u00efl<\/a><\/strong> (depuis 2005)<\/p>\n\n\n\n<div class=\"wp-block-group\"><div class=\"wp-block-group__inner-container is-layout-constrained wp-block-group-is-layout-constrained\">\n<p>Donatrice &#8211; Fondation <strong><a href=\"https:\/\/www.fondation-droit-animal.org\/\" target=\"_blank\" rel=\"noreferrer noopener\">Droit animal, \u00e9thique et sciences<\/a><\/strong> (depuis 2012)<\/p>\n\n\n\n<p>Donatrice &#8211; <strong><a href=\"https:\/\/zoopolis.fr\/\" target=\"_blank\" rel=\"noreferrer noopener\">PAZ <\/a><\/strong>(Projet Animaux Zoopolis) (depuis 2018)<\/p>\n\n\n\n<p class=\"has-text-align-center\"><img loading=\"lazy\" decoding=\"async\" width=\"150\" height=\"63\" class=\"wp-image-626\" style=\"width: 150px;\" src=\"http:\/\/astrid-guillaume.fr\/wp-content\/uploads\/2020\/04\/Snesup.jpg\" alt=\"\" srcset=\"https:\/\/astrid-guillaume.fr\/wp-content\/uploads\/2020\/04\/Snesup.jpg 347w, https:\/\/astrid-guillaume.fr\/wp-content\/uploads\/2020\/04\/Snesup-300x125.jpg 300w\" sizes=\"(max-width: 150px) 100vw, 150px\" \/><\/p>\n<\/div><\/div>\n","protected":false},"excerpt":{"rendered":"<p>Respect des diff\u00e9rences, sentiences et intelligences humaines et animali\u00e8res Respect des langues et cultures du monde Respect de la repr\u00e9sentativit\u00e9 de toutes les langues dans l&rsquo;\u00c9ducation Nationale et l&rsquo;Enseignement sup\u00e9rieur Soutiens Membre de l&rsquo;association D\u00e9fense de la Langue Fran\u00e7aise (depuis 2003)Membre de l&rsquo;Observatoire Europ\u00e9en du Plurilinguisme (depuis 2004)Membre de la<\/p>\n<p><a class=\"more-link\" href=\"https:\/\/astrid-guillaume.fr\/index.php\/engagements\/\">Read More<\/a><\/p>\n","protected":false},"author":3,"featured_media":0,"parent":0,"menu_order":0,"comment_status":"closed","ping_status":"closed","template":"","meta":{"footnotes":""},"class_list":["post-434","page","type-page","status-publish","hentry"],"yoast_head":"<!-- This site is optimized with the Yoast SEO plugin v26.9 - https:\/\/yoast.com\/product\/yoast-seo-wordpress\/ -->\n<title>Engagements - Astrid GUILLAUME<\/title>\n<meta name=\"robots\" content=\"index, follow, max-snippet:-1, max-image-preview:large, max-video-preview:-1\" \/>\n<link rel=\"canonical\" href=\"https:\/\/astrid-guillaume.fr\/index.php\/engagements\/\" \/>\n<meta property=\"og:locale\" content=\"fr_FR\" \/>\n<meta property=\"og:type\" content=\"article\" \/>\n<meta property=\"og:title\" content=\"Engagements - Astrid GUILLAUME\" \/>\n<meta property=\"og:description\" content=\"Respect des diff\u00e9rences, sentiences et intelligences humaines et animali\u00e8res Respect des langues et cultures du monde Respect de la repr\u00e9sentativit\u00e9 de toutes les langues dans l&rsquo;\u00c9ducation Nationale et l&rsquo;Enseignement sup\u00e9rieur Soutiens Membre de l&rsquo;association D\u00e9fense de la Langue Fran\u00e7aise (depuis 2003)Membre de l&rsquo;Observatoire Europ\u00e9en du Plurilinguisme (depuis 2004)Membre de laRead More\" \/>\n<meta property=\"og:url\" content=\"https:\/\/astrid-guillaume.fr\/index.php\/engagements\/\" \/>\n<meta property=\"og:site_name\" content=\"Astrid GUILLAUME\" \/>\n<meta property=\"article:modified_time\" content=\"2025-11-08T17:45:53+00:00\" \/>\n<meta property=\"og:image\" content=\"https:\/\/astrid-guillaume.fr\/wp-content\/uploads\/2020\/04\/logo-ping.png\" \/>\n\t<meta property=\"og:image:width\" content=\"640\" \/>\n\t<meta property=\"og:image:height\" content=\"360\" \/>\n\t<meta property=\"og:image:type\" content=\"image\/png\" \/>\n<meta name=\"twitter:card\" content=\"summary_large_image\" \/>\n<meta name=\"twitter:label1\" content=\"Dur\u00e9e de lecture estim\u00e9e\" \/>\n\t<meta name=\"twitter:data1\" content=\"3 minutes\" \/>\n<script type=\"application\/ld+json\" class=\"yoast-schema-graph\">{\"@context\":\"https:\/\/schema.org\",\"@graph\":[{\"@type\":\"WebPage\",\"@id\":\"https:\/\/astrid-guillaume.fr\/index.php\/engagements\/\",\"url\":\"https:\/\/astrid-guillaume.fr\/index.php\/engagements\/\",\"name\":\"Engagements - Astrid GUILLAUME\",\"isPartOf\":{\"@id\":\"https:\/\/astrid-guillaume.fr\/#website\"},\"primaryImageOfPage\":{\"@id\":\"https:\/\/astrid-guillaume.fr\/index.php\/engagements\/#primaryimage\"},\"image\":{\"@id\":\"https:\/\/astrid-guillaume.fr\/index.php\/engagements\/#primaryimage\"},\"thumbnailUrl\":\"http:\/\/astrid-guillaume.fr\/wp-content\/uploads\/2020\/04\/logo-ping.png\",\"datePublished\":\"2020-04-12T20:19:30+00:00\",\"dateModified\":\"2025-11-08T17:45:53+00:00\",\"breadcrumb\":{\"@id\":\"https:\/\/astrid-guillaume.fr\/index.php\/engagements\/#breadcrumb\"},\"inLanguage\":\"fr-FR\",\"potentialAction\":[{\"@type\":\"ReadAction\",\"target\":[\"https:\/\/astrid-guillaume.fr\/index.php\/engagements\/\"]}]},{\"@type\":\"ImageObject\",\"inLanguage\":\"fr-FR\",\"@id\":\"https:\/\/astrid-guillaume.fr\/index.php\/engagements\/#primaryimage\",\"url\":\"https:\/\/astrid-guillaume.fr\/wp-content\/uploads\/2020\/04\/logo-ping.png\",\"contentUrl\":\"https:\/\/astrid-guillaume.fr\/wp-content\/uploads\/2020\/04\/logo-ping.png\",\"width\":640,\"height\":360},{\"@type\":\"BreadcrumbList\",\"@id\":\"https:\/\/astrid-guillaume.fr\/index.php\/engagements\/#breadcrumb\",\"itemListElement\":[{\"@type\":\"ListItem\",\"position\":1,\"name\":\"Accueil\",\"item\":\"https:\/\/astrid-guillaume.fr\/\"},{\"@type\":\"ListItem\",\"position\":2,\"name\":\"Engagements\"}]},{\"@type\":\"WebSite\",\"@id\":\"https:\/\/astrid-guillaume.fr\/#website\",\"url\":\"https:\/\/astrid-guillaume.fr\/\",\"name\":\"Astrid GUILLAUME\",\"description\":\"Ma\u00eetre de conf\u00e9rences HDR - Sorbonne Universit\u00e9\",\"publisher\":{\"@id\":\"https:\/\/astrid-guillaume.fr\/#\/schema\/person\/ea4f874c5f84f3ef4298f3db85c68c9a\"},\"potentialAction\":[{\"@type\":\"SearchAction\",\"target\":{\"@type\":\"EntryPoint\",\"urlTemplate\":\"https:\/\/astrid-guillaume.fr\/?s={search_term_string}\"},\"query-input\":{\"@type\":\"PropertyValueSpecification\",\"valueRequired\":true,\"valueName\":\"search_term_string\"}}],\"inLanguage\":\"fr-FR\"},{\"@type\":[\"Person\",\"Organization\"],\"@id\":\"https:\/\/astrid-guillaume.fr\/#\/schema\/person\/ea4f874c5f84f3ef4298f3db85c68c9a\",\"name\":\"Astrid GUILLAUME\",\"image\":{\"@type\":\"ImageObject\",\"inLanguage\":\"fr-FR\",\"@id\":\"https:\/\/astrid-guillaume.fr\/#\/schema\/person\/image\/\",\"url\":\"https:\/\/secure.gravatar.com\/avatar\/d6b204d7c0d63e3481ca32f0b90c6ff876137841f8508ca626b432158768fd16?s=96&d=blank&r=g\",\"contentUrl\":\"https:\/\/secure.gravatar.com\/avatar\/d6b204d7c0d63e3481ca32f0b90c6ff876137841f8508ca626b432158768fd16?s=96&d=blank&r=g\",\"caption\":\"Astrid GUILLAUME\"},\"logo\":{\"@id\":\"https:\/\/astrid-guillaume.fr\/#\/schema\/person\/image\/\"}}]}<\/script>\n<!-- \/ Yoast SEO plugin. -->","yoast_head_json":{"title":"Engagements - Astrid GUILLAUME","robots":{"index":"index","follow":"follow","max-snippet":"max-snippet:-1","max-image-preview":"max-image-preview:large","max-video-preview":"max-video-preview:-1"},"canonical":"https:\/\/astrid-guillaume.fr\/index.php\/engagements\/","og_locale":"fr_FR","og_type":"article","og_title":"Engagements - Astrid GUILLAUME","og_description":"Respect des diff\u00e9rences, sentiences et intelligences humaines et animali\u00e8res Respect des langues et cultures du monde Respect de la repr\u00e9sentativit\u00e9 de toutes les langues dans l&rsquo;\u00c9ducation Nationale et l&rsquo;Enseignement sup\u00e9rieur Soutiens Membre de l&rsquo;association D\u00e9fense de la Langue Fran\u00e7aise (depuis 2003)Membre de l&rsquo;Observatoire Europ\u00e9en du Plurilinguisme (depuis 2004)Membre de laRead More","og_url":"https:\/\/astrid-guillaume.fr\/index.php\/engagements\/","og_site_name":"Astrid GUILLAUME","article_modified_time":"2025-11-08T17:45:53+00:00","og_image":[{"width":640,"height":360,"url":"https:\/\/astrid-guillaume.fr\/wp-content\/uploads\/2020\/04\/logo-ping.png","type":"image\/png"}],"twitter_card":"summary_large_image","twitter_misc":{"Dur\u00e9e de lecture estim\u00e9e":"3 minutes"},"schema":{"@context":"https:\/\/schema.org","@graph":[{"@type":"WebPage","@id":"https:\/\/astrid-guillaume.fr\/index.php\/engagements\/","url":"https:\/\/astrid-guillaume.fr\/index.php\/engagements\/","name":"Engagements - Astrid GUILLAUME","isPartOf":{"@id":"https:\/\/astrid-guillaume.fr\/#website"},"primaryImageOfPage":{"@id":"https:\/\/astrid-guillaume.fr\/index.php\/engagements\/#primaryimage"},"image":{"@id":"https:\/\/astrid-guillaume.fr\/index.php\/engagements\/#primaryimage"},"thumbnailUrl":"http:\/\/astrid-guillaume.fr\/wp-content\/uploads\/2020\/04\/logo-ping.png","datePublished":"2020-04-12T20:19:30+00:00","dateModified":"2025-11-08T17:45:53+00:00","breadcrumb":{"@id":"https:\/\/astrid-guillaume.fr\/index.php\/engagements\/#breadcrumb"},"inLanguage":"fr-FR","potentialAction":[{"@type":"ReadAction","target":["https:\/\/astrid-guillaume.fr\/index.php\/engagements\/"]}]},{"@type":"ImageObject","inLanguage":"fr-FR","@id":"https:\/\/astrid-guillaume.fr\/index.php\/engagements\/#primaryimage","url":"https:\/\/astrid-guillaume.fr\/wp-content\/uploads\/2020\/04\/logo-ping.png","contentUrl":"https:\/\/astrid-guillaume.fr\/wp-content\/uploads\/2020\/04\/logo-ping.png","width":640,"height":360},{"@type":"BreadcrumbList","@id":"https:\/\/astrid-guillaume.fr\/index.php\/engagements\/#breadcrumb","itemListElement":[{"@type":"ListItem","position":1,"name":"Accueil","item":"https:\/\/astrid-guillaume.fr\/"},{"@type":"ListItem","position":2,"name":"Engagements"}]},{"@type":"WebSite","@id":"https:\/\/astrid-guillaume.fr\/#website","url":"https:\/\/astrid-guillaume.fr\/","name":"Astrid GUILLAUME","description":"Ma\u00eetre de conf\u00e9rences HDR - Sorbonne Universit\u00e9","publisher":{"@id":"https:\/\/astrid-guillaume.fr\/#\/schema\/person\/ea4f874c5f84f3ef4298f3db85c68c9a"},"potentialAction":[{"@type":"SearchAction","target":{"@type":"EntryPoint","urlTemplate":"https:\/\/astrid-guillaume.fr\/?s={search_term_string}"},"query-input":{"@type":"PropertyValueSpecification","valueRequired":true,"valueName":"search_term_string"}}],"inLanguage":"fr-FR"},{"@type":["Person","Organization"],"@id":"https:\/\/astrid-guillaume.fr\/#\/schema\/person\/ea4f874c5f84f3ef4298f3db85c68c9a","name":"Astrid GUILLAUME","image":{"@type":"ImageObject","inLanguage":"fr-FR","@id":"https:\/\/astrid-guillaume.fr\/#\/schema\/person\/image\/","url":"https:\/\/secure.gravatar.com\/avatar\/d6b204d7c0d63e3481ca32f0b90c6ff876137841f8508ca626b432158768fd16?s=96&d=blank&r=g","contentUrl":"https:\/\/secure.gravatar.com\/avatar\/d6b204d7c0d63e3481ca32f0b90c6ff876137841f8508ca626b432158768fd16?s=96&d=blank&r=g","caption":"Astrid GUILLAUME"},"logo":{"@id":"https:\/\/astrid-guillaume.fr\/#\/schema\/person\/image\/"}}]}},"_links":{"self":[{"href":"https:\/\/astrid-guillaume.fr\/index.php\/wp-json\/wp\/v2\/pages\/434","targetHints":{"allow":["GET"]}}],"collection":[{"href":"https:\/\/astrid-guillaume.fr\/index.php\/wp-json\/wp\/v2\/pages"}],"about":[{"href":"https:\/\/astrid-guillaume.fr\/index.php\/wp-json\/wp\/v2\/types\/page"}],"author":[{"embeddable":true,"href":"https:\/\/astrid-guillaume.fr\/index.php\/wp-json\/wp\/v2\/users\/3"}],"replies":[{"embeddable":true,"href":"https:\/\/astrid-guillaume.fr\/index.php\/wp-json\/wp\/v2\/comments?post=434"}],"version-history":[{"count":74,"href":"https:\/\/astrid-guillaume.fr\/index.php\/wp-json\/wp\/v2\/pages\/434\/revisions"}],"predecessor-version":[{"id":2608,"href":"https:\/\/astrid-guillaume.fr\/index.php\/wp-json\/wp\/v2\/pages\/434\/revisions\/2608"}],"wp:attachment":[{"href":"https:\/\/astrid-guillaume.fr\/index.php\/wp-json\/wp\/v2\/media?parent=434"}],"curies":[{"name":"wp","href":"https:\/\/api.w.org\/{rel}","templated":true}]}}