{"id":396,"date":"2020-04-12T21:24:24","date_gmt":"2020-04-12T19:24:24","guid":{"rendered":"http:\/\/astrid-guillaume.fr\/?page_id=396"},"modified":"2021-03-08T12:00:14","modified_gmt":"2021-03-08T11:00:14","slug":"radio","status":"publish","type":"page","link":"https:\/\/astrid-guillaume.fr\/index.php\/radio\/","title":{"rendered":"Radio"},"content":{"rendered":"\n<p class=\"has-text-align-center\"><img fetchpriority=\"high\" decoding=\"async\" width=\"900\" height=\"100\" class=\"wp-image-423\" style=\"width: 900px;\" src=\"http:\/\/astrid-guillaume.fr\/wp-content\/uploads\/2020\/04\/Banni\u00e8re10.jpg\" alt=\"\" srcset=\"https:\/\/astrid-guillaume.fr\/wp-content\/uploads\/2020\/04\/Banni\u00e8re10.jpg 900w, https:\/\/astrid-guillaume.fr\/wp-content\/uploads\/2020\/04\/Banni\u00e8re10-300x33.jpg 300w, https:\/\/astrid-guillaume.fr\/wp-content\/uploads\/2020\/04\/Banni\u00e8re10-768x85.jpg 768w, https:\/\/astrid-guillaume.fr\/wp-content\/uploads\/2020\/04\/Banni\u00e8re10-800x89.jpg 800w\" sizes=\"(max-width: 900px) 100vw, 900px\" \/><\/p>\n\n\n\n<p class=\"has-large-font-size\"><strong>2021<\/strong><\/p>\n\n\n\n<figure class=\"wp-block-image size-large\"><img decoding=\"async\" width=\"225\" height=\"225\" src=\"https:\/\/astrid-guillaume.fr\/wp-content\/uploads\/2021\/03\/Logo.png\" alt=\"\" class=\"wp-image-1215\" srcset=\"https:\/\/astrid-guillaume.fr\/wp-content\/uploads\/2021\/03\/Logo.png 225w, https:\/\/astrid-guillaume.fr\/wp-content\/uploads\/2021\/03\/Logo-150x150.png 150w\" sizes=\"(max-width: 225px) 100vw, 225px\" \/><\/figure>\n\n\n\n<h1 class=\"wp-block-heading\"><\/h1>\n\n\n\n<p>\u201c<strong>Pourquoi les animaux auraient les m\u00eames droits que les humains ?<\/strong>\u201d avec Yolaine De La Bigne et Astrid Guillaum\u202ae\u202c, mod\u00e9rateur S\u00e9bastien Folin, janvier 2021. R\u00e9\u00e9couter l\u2019\u00e9mission <a href=\"https:\/\/podcasts.audiomeans.fr\/les-combattants-pacifiques-0e2fd92958a0\/-pourquoi-les-animaux-auraient-les-memes-droits-que-les-humains-avec-yolaine-de-la-bigne-et-astrid-guillaume-70ecef71b626\" target=\"_blank\" rel=\"noreferrer noopener\"><strong>sur le site des Combattants pacifiques<\/strong><\/a>.<\/p>\n\n\n\n<p class=\"has-large-font-size\"><strong>2020<\/strong><\/p>\n\n\n\n<figure class=\"wp-block-image size-large\"><img decoding=\"async\" width=\"225\" height=\"225\" src=\"http:\/\/astrid-guillaume.fr\/wp-content\/uploads\/2020\/06\/RFI5-1.png\" alt=\"\" class=\"wp-image-1077\" srcset=\"https:\/\/astrid-guillaume.fr\/wp-content\/uploads\/2020\/06\/RFI5-1.png 225w, https:\/\/astrid-guillaume.fr\/wp-content\/uploads\/2020\/06\/RFI5-1-150x150.png 150w\" sizes=\"(max-width: 225px) 100vw, 225px\" \/><\/figure>\n\n\n\n<p><a aria-label=\"undefined (s\u2019ouvre dans un nouvel onglet)\" href=\"http:\/\/www.rfi.fr\/fr\/podcasts\/20200624-que-disent-les-animaux\" target=\"_blank\" rel=\"noreferrer noopener\"><strong>Autour de la question<\/strong><\/a>, Que disent les animaux ? Quels sont leurs mots? de Caroline LACHOWSKY, avec Astrid GUILLAUME et S\u00e9bastien DEREGNAUCOURT, RFI, le 24 juin 2020.<\/p>\n\n\n\n<p class=\"has-large-font-size\"><strong>2019<\/strong><\/p>\n\n\n\n<p><img loading=\"lazy\" decoding=\"async\" width=\"350\" height=\"230\" class=\"wp-image-403\" style=\"width: 350px;\" src=\"http:\/\/astrid-guillaume.fr\/wp-content\/uploads\/2020\/04\/mots-animaux.jpg\" alt=\"\" srcset=\"https:\/\/astrid-guillaume.fr\/wp-content\/uploads\/2020\/04\/mots-animaux.jpg 1223w, https:\/\/astrid-guillaume.fr\/wp-content\/uploads\/2020\/04\/mots-animaux-300x197.jpg 300w, https:\/\/astrid-guillaume.fr\/wp-content\/uploads\/2020\/04\/mots-animaux-1024x674.jpg 1024w, https:\/\/astrid-guillaume.fr\/wp-content\/uploads\/2020\/04\/mots-animaux-768x506.jpg 768w, https:\/\/astrid-guillaume.fr\/wp-content\/uploads\/2020\/04\/mots-animaux-800x527.jpg 800w\" sizes=\"(max-width: 350px) 100vw, 350px\" \/><br><a rel=\"noreferrer noopener\" href=\"https:\/\/www.rts.ch\/play\/radio\/chouette-\/audio\/les-mots-animaux-astrid-guillaume-zoosemioticienne?id=10514689\" target=\"_blank\"><strong>\u00c9mission CHOUETTE&nbsp;!<\/strong><\/a> de Nancy YPSILANTIS, <em>Les mots animaux<\/em> avec Astrid GUILLAUME, Radio T\u00e9l\u00e9vision Suisse, La 1<sup>\u00e8re<\/sup>, 2 &nbsp;juillet 2019.<\/p>\n\n\n\n<p class=\"has-large-font-size\"><strong>2018<\/strong><\/p>\n\n\n\n<p class=\"has-text-align-left\"><img loading=\"lazy\" decoding=\"async\" width=\"350\" height=\"210\" class=\"wp-image-406\" style=\"width: 350px;\" src=\"http:\/\/astrid-guillaume.fr\/wp-content\/uploads\/2020\/04\/Noms-doiseaux.jpg\" alt=\"\" srcset=\"https:\/\/astrid-guillaume.fr\/wp-content\/uploads\/2020\/04\/Noms-doiseaux.jpg 1031w, https:\/\/astrid-guillaume.fr\/wp-content\/uploads\/2020\/04\/Noms-doiseaux-300x180.jpg 300w, https:\/\/astrid-guillaume.fr\/wp-content\/uploads\/2020\/04\/Noms-doiseaux-1024x615.jpg 1024w, https:\/\/astrid-guillaume.fr\/wp-content\/uploads\/2020\/04\/Noms-doiseaux-768x461.jpg 768w, https:\/\/astrid-guillaume.fr\/wp-content\/uploads\/2020\/04\/Noms-doiseaux-800x480.jpg 800w\" sizes=\"(max-width: 350px) 100vw, 350px\" \/><br><strong><a rel=\"noreferrer noopener\" href=\"https:\/\/www.rts.ch\/play\/radio\/chouette-\/audio\/noms-doiseaux-avec-astrid-guillaume-semioticienne-?id=9683055&amp;station=a9e7621504c6959e35c3ecbe7f6bed0446cdf8da\" target=\"_blank\">\u00c9mission CHOUETTE&nbsp;!<\/a><\/strong> de Nancy YPSILANTIS, <em>Noms d\u2019oiseaux<\/em> avec Astrid GUILLAUME, Radio T\u00e9l\u00e9vision Suisse, La 1<sup>\u00e8re<\/sup>, 13 juillet 2018.<\/p>\n\n\n\n<p><img loading=\"lazy\" decoding=\"async\" width=\"140\" height=\"140\" class=\"wp-image-153\" style=\"width: 140px;\" src=\"http:\/\/astrid-guillaume.fr\/wp-content\/uploads\/2020\/04\/France-culture3.jpg\" alt=\"\" srcset=\"https:\/\/astrid-guillaume.fr\/wp-content\/uploads\/2020\/04\/France-culture3.jpg 225w, https:\/\/astrid-guillaume.fr\/wp-content\/uploads\/2020\/04\/France-culture3-150x150.jpg 150w\" sizes=\"(max-width: 140px) 100vw, 140px\" \/>          <img loading=\"lazy\" decoding=\"async\" width=\"300\" height=\"120\" class=\"wp-image-157\" style=\"width: 300px;\" src=\"http:\/\/astrid-guillaume.fr\/wp-content\/uploads\/2020\/04\/SU.jpg\" alt=\"\" srcset=\"https:\/\/astrid-guillaume.fr\/wp-content\/uploads\/2020\/04\/SU.jpg 354w, https:\/\/astrid-guillaume.fr\/wp-content\/uploads\/2020\/04\/SU-300x120.jpg 300w\" sizes=\"(max-width: 300px) 100vw, 300px\" \/><br>\u00ab&nbsp;<a rel=\"noreferrer noopener\" href=\"http:\/\/www.paris-sorbonne.fr\/France-Culture\" target=\"_blank\"><strong>A la recherche des \u00e9motions animales<\/strong><\/a>&nbsp;\u00bb, France culture, \u00c9mission <em>La m\u00e9thode scientifique<\/em>, Nicolas Martin, samedi 13 janvier 2018, en direct du Grand Amphith\u00e9\u00e2tre de la Sorbonne, Table-ronde avec <strong>Marie-Claude Bomsel<\/strong>, v\u00e9t\u00e9rinaire au Mus\u00e9e Nationale d\u2019Histoire Naturelle, <strong>Georges Chapouthier<\/strong>, Neurobiologiste et philosophe, Directeur de recherche \u00e9m\u00e9rite au CNRS, <strong>Astrid Guillaume<\/strong>, S\u00e9mioticienne, MCF (HDR) Sorbonne universit\u00e9.<\/p>\n\n\n\n<p class=\"has-large-font-size\"><strong>2016<\/strong><\/p>\n\n\n\n<p><img loading=\"lazy\" decoding=\"async\" width=\"300\" height=\"68\" class=\"wp-image-741\" style=\"width: 300px;\" src=\"http:\/\/astrid-guillaume.fr\/wp-content\/uploads\/2020\/04\/libre@toi.png\" alt=\"\"><br>\u00ab&nbsp;<a href=\"https:\/\/alaska.libre-a-toi.org\/sessions\/debat\/\"><strong>Des mythes et des histoires&nbsp;<\/strong><\/a>\u00bb, d\u00e9bat avec <strong>Leo Carruthers<\/strong> et <strong>Astrid Guillaume<\/strong>, mod\u00e9rateurs <strong>Clara Delpas<\/strong> et <strong>Fr\u00e9d\u00e9ric Ghiglione<\/strong>, site des Grands Voisins, Radio [Libre@*toi[, Paris, 26 novembre 2016.<\/p>\n\n\n\n<figure class=\"wp-block-embed is-type-video is-provider-youtube wp-block-embed-youtube wp-embed-aspect-16-9 wp-has-aspect-ratio\"><div class=\"wp-block-embed__wrapper\">\n<iframe title=\"ALASKA : D\u00e9bat &quot;Les mythes anciens, Tolkien&quot; Astrid Guillaume Leo Carruthers\" width=\"500\" height=\"281\" src=\"https:\/\/www.youtube.com\/embed\/GsXq1lD2qSI?feature=oembed\" frameborder=\"0\" allow=\"accelerometer; autoplay; clipboard-write; encrypted-media; gyroscope; picture-in-picture; web-share\" referrerpolicy=\"strict-origin-when-cross-origin\" allowfullscreen><\/iframe>\n<\/div><\/figure>\n\n\n\n<p class=\"has-large-font-size\"><strong>2017<\/strong><\/p>\n\n\n\n<p><img loading=\"lazy\" decoding=\"async\" width=\"150\" height=\"150\" class=\"wp-image-153\" style=\"width: 150px;\" src=\"http:\/\/astrid-guillaume.fr\/wp-content\/uploads\/2020\/04\/France-culture3.jpg\" alt=\"\" srcset=\"https:\/\/astrid-guillaume.fr\/wp-content\/uploads\/2020\/04\/France-culture3.jpg 225w, https:\/\/astrid-guillaume.fr\/wp-content\/uploads\/2020\/04\/France-culture3-150x150.jpg 150w\" sizes=\"(max-width: 150px) 100vw, 150px\" \/>       <img loading=\"lazy\" decoding=\"async\" width=\"300\" height=\"125\" class=\"wp-image-264\" style=\"width: 300px;\" src=\"http:\/\/astrid-guillaume.fr\/wp-content\/uploads\/2020\/04\/Su-1.jpg\" alt=\"\" srcset=\"https:\/\/astrid-guillaume.fr\/wp-content\/uploads\/2020\/04\/Su-1.jpg 347w, https:\/\/astrid-guillaume.fr\/wp-content\/uploads\/2020\/04\/Su-1-300x125.jpg 300w\" sizes=\"(max-width: 300px) 100vw, 300px\" \/><br>\u00ab&nbsp;<a rel=\"noreferrer noopener\" href=\"https:\/\/www.franceculture.fr\/emissions\/les-chemins-de-la-philosophie\/lannee-vue-par-la-philosophie-45-faut-il-manger-les-animaux\" target=\"_blank\"><strong>Des hommes et des b\u00eates&nbsp;: faut-il manger les animaux&nbsp;?&nbsp;<\/strong><\/a>\u00bb Mod\u00e9ratrice Ad\u00e8le van Reeth pour Les Chemins de la Philosophie, en direct du Grand Amphith\u00e9\u00e2tre de la Sorbonne, avec <strong>Vinciane Despret<\/strong>, <strong>Philippe Descola<\/strong> et <strong>Astrid Guillaume<\/strong>, le 28 janvier 2017<em>.<\/em><\/p>\n","protected":false},"excerpt":{"rendered":"<p>2021 \u201cPourquoi les animaux auraient les m\u00eames droits que les humains ?\u201d avec Yolaine De La Bigne et Astrid Guillaum\u202ae\u202c, mod\u00e9rateur S\u00e9bastien Folin, janvier 2021. R\u00e9\u00e9couter l\u2019\u00e9mission sur le site des Combattants pacifiques. 2020 Autour de la question, Que disent les animaux ? Quels sont leurs mots? de Caroline LACHOWSKY,<\/p>\n<p><a class=\"more-link\" href=\"https:\/\/astrid-guillaume.fr\/index.php\/radio\/\">Read More<\/a><\/p>\n","protected":false},"author":3,"featured_media":0,"parent":0,"menu_order":0,"comment_status":"closed","ping_status":"closed","template":"","meta":{"footnotes":""},"class_list":["post-396","page","type-page","status-publish","hentry"],"yoast_head":"<!-- This site is optimized with the Yoast SEO plugin v26.9 - https:\/\/yoast.com\/product\/yoast-seo-wordpress\/ -->\n<title>Radio - Astrid GUILLAUME<\/title>\n<meta name=\"robots\" content=\"index, follow, max-snippet:-1, max-image-preview:large, max-video-preview:-1\" \/>\n<link rel=\"canonical\" href=\"https:\/\/astrid-guillaume.fr\/index.php\/radio\/\" \/>\n<meta property=\"og:locale\" content=\"fr_FR\" \/>\n<meta property=\"og:type\" content=\"article\" \/>\n<meta property=\"og:title\" content=\"Radio - Astrid GUILLAUME\" \/>\n<meta property=\"og:description\" content=\"2021 \u201cPourquoi les animaux auraient les m\u00eames droits que les humains ?\u201d avec Yolaine De La Bigne et Astrid Guillaum\u202ae\u202c, mod\u00e9rateur S\u00e9bastien Folin, janvier 2021. R\u00e9\u00e9couter l\u2019\u00e9mission sur le site des Combattants pacifiques. 2020 Autour de la question, Que disent les animaux ? Quels sont leurs mots? de Caroline LACHOWSKY,Read More\" \/>\n<meta property=\"og:url\" content=\"https:\/\/astrid-guillaume.fr\/index.php\/radio\/\" \/>\n<meta property=\"og:site_name\" content=\"Astrid GUILLAUME\" \/>\n<meta property=\"article:modified_time\" content=\"2021-03-08T11:00:14+00:00\" \/>\n<meta property=\"og:image\" content=\"http:\/\/astrid-guillaume.fr\/wp-content\/uploads\/2020\/04\/Banni\u00e8re10.jpg\" \/>\n<meta name=\"twitter:card\" content=\"summary_large_image\" \/>\n<meta name=\"twitter:label1\" content=\"Dur\u00e9e de lecture estim\u00e9e\" \/>\n\t<meta name=\"twitter:data1\" content=\"3 minutes\" \/>\n<script type=\"application\/ld+json\" class=\"yoast-schema-graph\">{\"@context\":\"https:\/\/schema.org\",\"@graph\":[{\"@type\":\"WebPage\",\"@id\":\"https:\/\/astrid-guillaume.fr\/index.php\/radio\/\",\"url\":\"https:\/\/astrid-guillaume.fr\/index.php\/radio\/\",\"name\":\"Radio - Astrid GUILLAUME\",\"isPartOf\":{\"@id\":\"https:\/\/astrid-guillaume.fr\/#website\"},\"primaryImageOfPage\":{\"@id\":\"https:\/\/astrid-guillaume.fr\/index.php\/radio\/#primaryimage\"},\"image\":{\"@id\":\"https:\/\/astrid-guillaume.fr\/index.php\/radio\/#primaryimage\"},\"thumbnailUrl\":\"https:\/\/astrid-guillaume.fr\/wp-content\/uploads\/2021\/03\/Logo.png\",\"datePublished\":\"2020-04-12T19:24:24+00:00\",\"dateModified\":\"2021-03-08T11:00:14+00:00\",\"breadcrumb\":{\"@id\":\"https:\/\/astrid-guillaume.fr\/index.php\/radio\/#breadcrumb\"},\"inLanguage\":\"fr-FR\",\"potentialAction\":[{\"@type\":\"ReadAction\",\"target\":[\"https:\/\/astrid-guillaume.fr\/index.php\/radio\/\"]}]},{\"@type\":\"ImageObject\",\"inLanguage\":\"fr-FR\",\"@id\":\"https:\/\/astrid-guillaume.fr\/index.php\/radio\/#primaryimage\",\"url\":\"https:\/\/astrid-guillaume.fr\/wp-content\/uploads\/2021\/03\/Logo.png\",\"contentUrl\":\"https:\/\/astrid-guillaume.fr\/wp-content\/uploads\/2021\/03\/Logo.png\",\"width\":225,\"height\":225},{\"@type\":\"BreadcrumbList\",\"@id\":\"https:\/\/astrid-guillaume.fr\/index.php\/radio\/#breadcrumb\",\"itemListElement\":[{\"@type\":\"ListItem\",\"position\":1,\"name\":\"Accueil\",\"item\":\"https:\/\/astrid-guillaume.fr\/\"},{\"@type\":\"ListItem\",\"position\":2,\"name\":\"Radio\"}]},{\"@type\":\"WebSite\",\"@id\":\"https:\/\/astrid-guillaume.fr\/#website\",\"url\":\"https:\/\/astrid-guillaume.fr\/\",\"name\":\"Astrid GUILLAUME\",\"description\":\"Ma\u00eetre de conf\u00e9rences HDR - Sorbonne Universit\u00e9\",\"publisher\":{\"@id\":\"https:\/\/astrid-guillaume.fr\/#\/schema\/person\/ea4f874c5f84f3ef4298f3db85c68c9a\"},\"potentialAction\":[{\"@type\":\"SearchAction\",\"target\":{\"@type\":\"EntryPoint\",\"urlTemplate\":\"https:\/\/astrid-guillaume.fr\/?s={search_term_string}\"},\"query-input\":{\"@type\":\"PropertyValueSpecification\",\"valueRequired\":true,\"valueName\":\"search_term_string\"}}],\"inLanguage\":\"fr-FR\"},{\"@type\":[\"Person\",\"Organization\"],\"@id\":\"https:\/\/astrid-guillaume.fr\/#\/schema\/person\/ea4f874c5f84f3ef4298f3db85c68c9a\",\"name\":\"Astrid GUILLAUME\",\"image\":{\"@type\":\"ImageObject\",\"inLanguage\":\"fr-FR\",\"@id\":\"https:\/\/astrid-guillaume.fr\/#\/schema\/person\/image\/\",\"url\":\"https:\/\/secure.gravatar.com\/avatar\/d6b204d7c0d63e3481ca32f0b90c6ff876137841f8508ca626b432158768fd16?s=96&d=blank&r=g\",\"contentUrl\":\"https:\/\/secure.gravatar.com\/avatar\/d6b204d7c0d63e3481ca32f0b90c6ff876137841f8508ca626b432158768fd16?s=96&d=blank&r=g\",\"caption\":\"Astrid GUILLAUME\"},\"logo\":{\"@id\":\"https:\/\/astrid-guillaume.fr\/#\/schema\/person\/image\/\"}}]}<\/script>\n<!-- \/ Yoast SEO plugin. -->","yoast_head_json":{"title":"Radio - Astrid GUILLAUME","robots":{"index":"index","follow":"follow","max-snippet":"max-snippet:-1","max-image-preview":"max-image-preview:large","max-video-preview":"max-video-preview:-1"},"canonical":"https:\/\/astrid-guillaume.fr\/index.php\/radio\/","og_locale":"fr_FR","og_type":"article","og_title":"Radio - Astrid GUILLAUME","og_description":"2021 \u201cPourquoi les animaux auraient les m\u00eames droits que les humains ?\u201d avec Yolaine De La Bigne et Astrid Guillaum\u202ae\u202c, mod\u00e9rateur S\u00e9bastien Folin, janvier 2021. R\u00e9\u00e9couter l\u2019\u00e9mission sur le site des Combattants pacifiques. 2020 Autour de la question, Que disent les animaux ? Quels sont leurs mots? de Caroline LACHOWSKY,Read More","og_url":"https:\/\/astrid-guillaume.fr\/index.php\/radio\/","og_site_name":"Astrid GUILLAUME","article_modified_time":"2021-03-08T11:00:14+00:00","og_image":[{"url":"http:\/\/astrid-guillaume.fr\/wp-content\/uploads\/2020\/04\/Banni\u00e8re10.jpg","type":"","width":"","height":""}],"twitter_card":"summary_large_image","twitter_misc":{"Dur\u00e9e de lecture estim\u00e9e":"3 minutes"},"schema":{"@context":"https:\/\/schema.org","@graph":[{"@type":"WebPage","@id":"https:\/\/astrid-guillaume.fr\/index.php\/radio\/","url":"https:\/\/astrid-guillaume.fr\/index.php\/radio\/","name":"Radio - Astrid GUILLAUME","isPartOf":{"@id":"https:\/\/astrid-guillaume.fr\/#website"},"primaryImageOfPage":{"@id":"https:\/\/astrid-guillaume.fr\/index.php\/radio\/#primaryimage"},"image":{"@id":"https:\/\/astrid-guillaume.fr\/index.php\/radio\/#primaryimage"},"thumbnailUrl":"https:\/\/astrid-guillaume.fr\/wp-content\/uploads\/2021\/03\/Logo.png","datePublished":"2020-04-12T19:24:24+00:00","dateModified":"2021-03-08T11:00:14+00:00","breadcrumb":{"@id":"https:\/\/astrid-guillaume.fr\/index.php\/radio\/#breadcrumb"},"inLanguage":"fr-FR","potentialAction":[{"@type":"ReadAction","target":["https:\/\/astrid-guillaume.fr\/index.php\/radio\/"]}]},{"@type":"ImageObject","inLanguage":"fr-FR","@id":"https:\/\/astrid-guillaume.fr\/index.php\/radio\/#primaryimage","url":"https:\/\/astrid-guillaume.fr\/wp-content\/uploads\/2021\/03\/Logo.png","contentUrl":"https:\/\/astrid-guillaume.fr\/wp-content\/uploads\/2021\/03\/Logo.png","width":225,"height":225},{"@type":"BreadcrumbList","@id":"https:\/\/astrid-guillaume.fr\/index.php\/radio\/#breadcrumb","itemListElement":[{"@type":"ListItem","position":1,"name":"Accueil","item":"https:\/\/astrid-guillaume.fr\/"},{"@type":"ListItem","position":2,"name":"Radio"}]},{"@type":"WebSite","@id":"https:\/\/astrid-guillaume.fr\/#website","url":"https:\/\/astrid-guillaume.fr\/","name":"Astrid GUILLAUME","description":"Ma\u00eetre de conf\u00e9rences HDR - Sorbonne Universit\u00e9","publisher":{"@id":"https:\/\/astrid-guillaume.fr\/#\/schema\/person\/ea4f874c5f84f3ef4298f3db85c68c9a"},"potentialAction":[{"@type":"SearchAction","target":{"@type":"EntryPoint","urlTemplate":"https:\/\/astrid-guillaume.fr\/?s={search_term_string}"},"query-input":{"@type":"PropertyValueSpecification","valueRequired":true,"valueName":"search_term_string"}}],"inLanguage":"fr-FR"},{"@type":["Person","Organization"],"@id":"https:\/\/astrid-guillaume.fr\/#\/schema\/person\/ea4f874c5f84f3ef4298f3db85c68c9a","name":"Astrid GUILLAUME","image":{"@type":"ImageObject","inLanguage":"fr-FR","@id":"https:\/\/astrid-guillaume.fr\/#\/schema\/person\/image\/","url":"https:\/\/secure.gravatar.com\/avatar\/d6b204d7c0d63e3481ca32f0b90c6ff876137841f8508ca626b432158768fd16?s=96&d=blank&r=g","contentUrl":"https:\/\/secure.gravatar.com\/avatar\/d6b204d7c0d63e3481ca32f0b90c6ff876137841f8508ca626b432158768fd16?s=96&d=blank&r=g","caption":"Astrid GUILLAUME"},"logo":{"@id":"https:\/\/astrid-guillaume.fr\/#\/schema\/person\/image\/"}}]}},"_links":{"self":[{"href":"https:\/\/astrid-guillaume.fr\/index.php\/wp-json\/wp\/v2\/pages\/396","targetHints":{"allow":["GET"]}}],"collection":[{"href":"https:\/\/astrid-guillaume.fr\/index.php\/wp-json\/wp\/v2\/pages"}],"about":[{"href":"https:\/\/astrid-guillaume.fr\/index.php\/wp-json\/wp\/v2\/types\/page"}],"author":[{"embeddable":true,"href":"https:\/\/astrid-guillaume.fr\/index.php\/wp-json\/wp\/v2\/users\/3"}],"replies":[{"embeddable":true,"href":"https:\/\/astrid-guillaume.fr\/index.php\/wp-json\/wp\/v2\/comments?post=396"}],"version-history":[{"count":35,"href":"https:\/\/astrid-guillaume.fr\/index.php\/wp-json\/wp\/v2\/pages\/396\/revisions"}],"predecessor-version":[{"id":1244,"href":"https:\/\/astrid-guillaume.fr\/index.php\/wp-json\/wp\/v2\/pages\/396\/revisions\/1244"}],"wp:attachment":[{"href":"https:\/\/astrid-guillaume.fr\/index.php\/wp-json\/wp\/v2\/media?parent=396"}],"curies":[{"name":"wp","href":"https:\/\/api.w.org\/{rel}","templated":true}]}}